What is the remainder when 83464 is divided by 18?
16
What is the remainder when 4926 is divided by 27?
12
What is the remainder when 1545 is divided by 364?
89
Calculate the remainder when 43615 is divided by 189.
145
Calculate the remainder when 11762 is divided by 22.
14
What is the remainder when 12321 is divided by 872?
113
Calculate the remainder when 69003 is divided by 600.
3
Calculate the remainder when 43217 is divided by 14405.
2
What is the remainder when 20901 is divided by 310?
131
Calculate the remainder when 2751 is divided by 1898.
853
Calculate the remainder when 1024 is divided by 66.
34
Calculate the remainder when 1021 is divided by 121.
53
What is the remainder when 120095 is divided by 2262?
209
What is the remainder when 23118 is divided by 67?
3
What is the remainder when 134278 is divided by 20?
18
What is the remainder when 1575 is divided by 1332?
243
Calculate the remainder when 3502 is divided by 252.
226
Calculate the remainder when 9839 is divided by 36.
11
Calculate the remainder when 93284 is divided by 238.
226
Calculate the remainder when 23510 is divided by 1582.
1362
Calculate the remainder when 7086 is divided by 6.
0
Calculate the remainder when 65453 is divided by 9349.
10
Calculate the remainder when 2534 is divided by 45.
14
Calculate the remainder when 18465 is divided by 87.
21
What is the remainder when 3409 is divided by 3342?
67
Calculate the remainder when 392100 is divided by 168.
156
What is the remainder when 39415 is divided by 152?
47
Calculate the remainder when 14749 is divided by 360.
349
Calculate the remainder when 307121 is divided by 51.
50
Calculate the remainder when 3551 is divided by 331.
241
Calculate the remainder when 467037 is divided by 280.
277
What is the remainder when 41348 is divided by 10335?
8
What is the remainder when 329939 is divided by 78?
77
What is the remainder when 1306 is divided by 95?
71
What is the remainder when 247 is divided by 7?
2
Calculate the remainder when 1203 is divided by 683.
520
What is the remainder when 30732 is divided by 768?
12
Calculate the remainder when 116594 is divided by 933.
902
Calculate the remainder when 795476 is divided by 16.
4
Calculate the remainder when 2603 is divided by 2602.
1
Calculate the remainder when 173935 is divided by 130.
125
Calculate the remainder when 741119 is divided by 1182.
5
Calculate the remainder when 7185 is divided by 1404.
165
Calculate the remainder when 8183 is divided by 2701.
80
Calculate the remainder when 126351 is divided by 1560.
1551
What is the remainder when 82401 is divided by 92?
61
Calculate the remainder when 48579 is divided by 7.
6
Calculate the remainder when 500362 is divided by 71480.
2
Calculate the remainder when 33532 is divided by 16760.
12
Calculate the remainder when 9880982 is divided by 92.
90
Calculate the remainder when 14611 is divided by 514.
219
Calculate the remainder when 39063 is divided by 601.
599
What is the remainder when 22967 is divided by 128?
55
Calculate the remainder when 14792 is divided by 757.
409
Calculate the remainder when 22255 is divided by 20.
15
Calculate the remainder when 310834 is divided by 65.
4
What is the remainder when 135115 is divided by 421?
395
Calculate the remainder when 48116 is divided by 349.
303
Calculate the remainder when 126775 is divided by 184.
183
Calculate the remainder when 5787 is divided by 2864.
59
Calculate the remainder when 4942 is divided by 260.
2
Calculate the remainder when 417142 is divided by 2.
0
Calculate the remainder when 703 is divided by 671.
32
What is the remainder when 900678 is divided by 3386?
2
What is the remainder when 2552 is divided by 71?
67
What is the remainder when 1120 is divided by 568?
552
What is the remainder when 16761 is divided by 800?
761
Calculate the remainder when 9438 is divided by 251.
151
What is the remainder when 33785 is divided by 322?
297
What is the remainder when 132898 is divided by 1329?
1327
What is the remainder when 2418 is divided by 252?
150
Calculate the remainder when 1214 is divided by 1212.
2
Calculate the remainder when 2903 is divided by 1940.
963
What is the remainder when 62171 is divided by 14?
11
What is the remainder when 2733 is divided by 119?
115
What is the remainder when 46 is divided by 30?
16
Calculate the remainder when 38364 is divided by 248.
172
What is the remainder when 124558 is divided by 333?
16
Calculate the remainder when 22827 is divided by 3259.
14
Calculate the remainder when 2451 is divided by 1598.
853
What is the remainder when 118325 is divided by 225?
200
What is the remainder when 48055 is divided by 67?
16
Calculate the remainder when 1288 is divided by 141.
19
Calculate the remainder when 158377 is divided by 1568.
9
Calculate the remainder when 82707 is divided by 92.
91
Calculate the remainder when 7044887 is divided by 721.
717
Calculate the remainder when 1069582 is divided by 12.
10
Calculate the remainder when 4380 is divided by 2179.
22
Calculate the remainder when 4160 is divided by 1063.
971
Calculate the remainder when 20007 is divided by 15.
12
What is the remainder when 139 is divided by 75?
64
Calculate the remainder when 2196 is divided by 24.
12
What is the remainder when 10377 is divided by 2061?
72
Calculate the remainder when 6428 is divided by 211.
98
What is the remainder when 457496 is divided by 62?
60
Calculate the remainder when 579267 is divided by 7.
3
Calculate the remainder when 110186 is divided by 55018.
150
Calculate the remainder when 2363 is divided by 2264.
99
What is the remainder when 4885 is divided by 152?
21
Calculate the remainder when 14847 is divided by 85.
57
What is the remainder when 7017 is divided by 1352?
257
What is the remainder when 4699 is divided by 20?
19
What is the remainder when 235026 is divided by 598?
12
What is the remainder when 4572 is divided by 4414?
158
Calculate the remainder when 44242 is divided by 280.
2
What is the remainder when 267 is divided by 260?
7
What is the remainder when 2994 is divided by 19?
11
Calculate the remainder when 1266 is divided by 36.
6
What is the remainder when 10490 is divided by 613?
69
What is the remainder when 237871 is divided by 237834?
37
What is the remainder when 4774 is divided by 4215?
559
What is the remainder when 1145 is divided by 212?
85
Calculate the remainder when 2801 is divided by 46.
41
Calculate the remainder when 1582 is divided by 111.
28
What is the remainder when 144511 is divided by 72236?
39
Calculate the remainder when 44655 is divided by 101.
13
What is the remainder when 3371 is divided by 34?
5
Calculate the remainder when 30361 is divided by 10115.
16
What is the remainder when 54623 is divided by 286?
283
What is the remainder when 5376 is divided by 758?
70
What is the remainder when 53811 is divided by 417?
18
Calculate the remainder when 1081 is divided by 174.
37
Calculate the remainder when 16368 is divided by 4085.
28
Calculate the remainder when 59077 is divided by 14.
11
What is the remainder when 492 is divided by 31?
27
What is the remainder when 56046 is divided by 14011?
2
Calculate the remainder when 105663 is divided by 103.
88
Calculate the remainder when 630 is divided by 20.
10
Calculate the remainder when 21638 is divided by 45.
38
Calculate the remainder when 9301 is divided by 175.
26
What is the remainder when 3485 is divided by 672?
125
Calculate the remainder when 750207 is divided by 52.
3
Calculate the remainder when 14309 is divided by 52.
9
What is the remainder when 403 is divided by 257?
146
What is the remainder when 1457 is divided by 894?
563
What is the remainder when 14456 is divided by 3613?
4
What is the remainder when 68252 is divided by 316?
312
What is the remainder when 923 is divided by 268?
119
What is the remainder when 1662 is divided by 199?
70
What is the remainder when 5034 is divided by 387?
3
What is the remainder when 103292 is divided by 255?
17
What is the remainder when 6129 is divided by 12?
9
Calculate the remainder when 2066 is divided by 115.
111
Calculate the remainder when 14586659 is divided by 2332.
2331
What is the remainder when 1982 is divided by 361?
177
What is the remainder when 65026 is divided by 260?
26
Calculate th